 704088.
504
What is the highest common divisor of 29369037 and 4302?
717
Calculate the highest common divisor of 67135 and 14442.
29
What is the highest common factor of 24 and 277515912?
24
What is the highest common divisor of 3 and 9504813?
3
Calculate the greatest common factor of 11866 and 784142.
34
What is the greatest common factor of 200 and 27267640?
40
Calculate the greatest common divisor of 230143188 and 7139.
649
What is the greatest common divisor of 245640 and 56604?
1068
Calculate the highest common factor of 113878 and 96418.
194
What is the greatest common factor of 2209 and 1545360?
47
Calculate the highest common factor of 38012 and 55536.
52
Calculate the greatest common divisor of 678667 and 285516.
1133
Calculate the highest common factor of 189657 and 1303497.
117
What is the greatest common factor of 14012763 and 45520?
569
Calculate the greatest common divisor of 4425 and 8366790.
885
What is the highest common divisor of 3056181 and 2460?
123
Calculate the greatest common factor of 3570 and 4489360.
170
Calculate the highest common divisor of 74038321 and 28.
7
Calculate the greatest common divisor of 2668816 and 32.
16
What is the greatest common divisor of 26574305 and 3435?
1145
What is the highest common divisor of 114867 and 2313?
9
What is the highest common divisor of 50615 and 22945?
5
Calculate the highest common divisor of 1535881 and 886.
443
Calculate the greatest common divisor of 24350811 and 194253.
2661
What is the greatest common divisor of 248794 and 2978794?
182
Calculate the greatest common divisor of 55892 and 1705278893.
13973
What is the highest common factor of 494898 and 14?
2
What is the highest common factor of 7792 and 1347529?
487
What is the greatest common divisor of 4863298816 and 16?
16
What is the greatest common divisor of 4918 and 196407707?
2459
Calculate the greatest common factor of 331825 and 14183.
13
What is the greatest common factor of 413163 and 846945?
261
Calculate the highest common factor of 25750700 and 46075.
475
What is the highest common factor of 5551 and 2931782?
427
Calculate the greatest common factor of 7650 and 4068525.
1275
What is the greatest common factor of 34032 and 673550?
1418
Calculate the highest common divisor of 385435747 and 85.
17
What is the greatest common divisor of 376 and 75529?
47
Calculate the highest common divisor of 863787 and 2091.
51
Calculate the greatest common factor of 12725418 and 12.
6
What is the highest common divisor of 220734 and 3456?
18
Calculate the highest common factor of 640 and 321949520.
80
Calculate the highest common divisor of 67554 and 13680102.
834
What is the greatest common factor of 15503 and 22163?
37
What is the highest common factor of 1152 and 946584?
72
What is the highest common divisor of 28939750 and 161?
161
Calculate the highest common factor of 17891464 and 14632.
248
What is the highest common divisor of 2870960 and 2380?
340
What is the greatest common factor of 1 and 21309279?
1
Calculate the highest common divisor of 72 and 42488856.
72
What is the greatest common factor of 703522683 and 9?
9
What is the highest common factor of 192 and 50348292?
12
Calculate the highest common factor of 1225513 and 9673.
17
What is the highest common divisor of 61436795 and 140?
35
Calculate the highest common divisor of 133488 and 41776.
16
What is the greatest common divisor of 39897 and 125359?
13
What is the greatest common divisor of 320835753 and 1494?
747
Calculate the highest common divisor of 62 and 150832050.
62
Calculate the greatest common divisor of 513460020 and 5052.
5052
Calculate the highest common factor of 62179 and 14430.
13
What is the greatest common factor of 226197 and 163098?
369
Calculate the greatest common divisor of 11247 and 2378985.
489
Calculate the highest common factor of 172044 and 15576.
708
Calculate the highest common divisor of 331812628 and 322.
322
What is the highest common divisor of 152 and 5460562?
38
What is the highest common factor of 79811478 and 81?
9
Calculate the highest common factor of 76866545 and 3430.
245
What is the highest common factor of 44672 and 469088?
32
Calculate the highest common factor of 20844 and 6333102.
3474
What is the highest common factor of 132 and 523735905?
33
What is the highest common factor of 1812 and 1591842?
906
Calculate the highest common factor of 125410 and 118.
2
What is the highest common divisor of 710528 and 1183?
91
Calculate the greatest common factor of 117457 and 7491504.
1609
Calculate the greatest common factor of 22018 and 7861638.
202
What is the greatest common factor of 7857462 and 318?
318
What is the highest common divisor of 28261992 and 120?
24
What is the highest common divisor of 145 and 3301716990?
145
Calculate the highest common factor of 112 and 130100720.
16
What is the highest common factor of 1030 and 1750230?
10
Calculate the greatest common factor of 2815246 and 7742.
98
What is the greatest common divisor of 1950 and 128625?
75
Calculate the highest common factor of 4119360 and 264.
24
What is the greatest common factor of 833618900 and 2300?
2300
What is the greatest common divisor of 41707 and 243619?
179
Calculate the highest common factor of 1672624 and 65459.
977
What is the greatest common factor of 210 and 16279590?
30
What is the greatest common factor of 231 and 6356042?
77
Calculate the greatest common divisor of 60810325 and 50.
25
What is the highest common divisor of 43992 and 14714713?
611
Calculate the greatest common divisor of 730656 and 48504.
1032
Calculate the highest common factor of 275808 and 80288.
416
What is the highest common divisor of 73289244 and 578?
578
Calculate the greatest common divisor of 71415 and 13599.
9
What is the highest common divisor of 15981 and 214459?
7
Calculate the highest common divisor of 128207 and 308566.
2173
Calculate the greatest common divisor of 27628996 and 203.
29
What is the greatest common factor of 2145 and 7747311?
429
Calculate the highest common factor of 1 and 9407009.
1
Calculate the highest common divisor of 1066 and 125117486.
1066
What is the highest common divisor of 3292 and 36924?
4
What is the highest common divisor of 12282 and 184283222?
4094
What is the highest common divisor of 159 and 13359816?
159
What is the highest common factor of 738 and 17778051?
369
Calculate the greatest common factor of 392 and 17138408.
56
Calculate the highest common factor of 1121 and 8683.
19
Calculate the highest common factor of 121 and 67335774.
121
Calculate the greatest common divisor of 3000 and 7561500.
1500
Calculate the greatest common divisor of 175608 and 114091.
271
Calculate the greatest common divisor of 53295 and 23067.
33
Calculate the highest common divisor of 2271 and 4839.
3
Calculate the highest common factor of 32355 and 123237.
9
Calculate the greatest common factor of 271118050 and 1750.
350
Calculate the greatest common divisor of 858 and 109786534.
286
What is the greatest common divisor of 5600 and 1104832400?
2800
Calculate the greatest common factor of 1303893 and 20079.
207
Calculate the highest common factor of 2160 and 1242816.
48
What is the highest common divisor of 4775589 and 962?
13
Calculate the highest common factor of 10219108 and 10251.
1139
Calculate the greatest common divisor of 107994 and 708546.
2634
Calculate the highest common factor of 45936 and 227998.
58
Calculate the highest common factor of 608 and 1423879.
19
Calculate the greatest common divisor of 581 and 7068529.
83
Calculate the highest common divisor of 27182272 and 102934.
962
Calculate the highest common factor of 30112141 and 1249.
1249
What is the highest common divisor of 308 and 20658550?
22
What is the greatest common factor of 181895 and 1995?
35
Calculate the greatest common divisor of 2788 and 1757732.
68
Calculate the greatest common factor of 77056 and 33248.
32
What is the greatest common factor of 42513 and 1749471?
111
What is the greatest common divisor of 10043054 and 11186?
658
What is the greatest common divisor of 49319 and 8077439?
149
What is the greatest common factor of 7441920 and 104040?
6120
Calculate the greatest common factor of 432 and 1467234.
54
Calculate the highest common factor of 1908